visor of 1242047 and 110170.
479
Calculate the highest common divisor of 9373175 and 2660.
665
What is the greatest common factor of 7032740 and 165?
55
Calculate the greatest common divisor of 702 and 118278.
18
Calculate the highest common factor of 174006 and 378.
126
What is the greatest common divisor of 5 and 886145220?
5
What is the highest common divisor of 38 and 3344869402?
38
What is the greatest common divisor of 17261327 and 155?
31
Calculate the highest common factor of 334825 and 116525.
1475
What is the highest common factor of 8272 and 13766159?
517
Calculate the greatest common factor of 498569180 and 20.
20
Calculate the highest common divisor of 424 and 427311334.
106
Calculate the highest common divisor of 952 and 18224906.
14
What is the highest common divisor of 5034 and 104806202?
1678
What is the highest common divisor of 53146399 and 23?
23
What is the greatest common divisor of 1604985 and 1545?
15
Calculate the highest common divisor of 1040472 and 1416.
24
Calculate the highest common factor of 1826 and 41105086.
1826
Calculate the highest common factor of 4386 and 104686.
34
What is the highest common divisor of 39536883 and 255?
51
Calculate the greatest common factor of 1622592 and 462301.
313
What is the greatest common divisor of 52111 and 3847809?
1681
What is the highest common divisor of 3269736 and 360?
72
What is the highest common factor of 2532 and 16027138?
422
Calculate the highest common divisor of 833915 and 35.
5
What is the greatest common factor of 1449420 and 98049?
4263
What is the highest common divisor of 1248 and 453570?
78
What is the greatest common divisor of 788813487 and 231?
231
Calculate the highest common factor of 1663188 and 78.
6
What is the highest common factor of 7334 and 151582?
38
Calculate the greatest common divisor of 1 and 19394878.
1
Calculate the highest common factor of 135803 and 172929.
977
Calculate the greatest common factor of 1009141 and 371.
7
What is the highest common divisor of 624 and 133723824?
624
Calculate the greatest common divisor of 25160 and 507960.
680
Calculate the greatest common factor of 6660 and 7512924.
444
What is the greatest common factor of 52158212 and 4?
4
What is the greatest common divisor of 4937679 and 351?
27
Calculate the greatest common divisor of 1326 and 10493522.
442
Calculate the highest common divisor of 2124096 and 26910.
1794
What is the highest common divisor of 24557041 and 2077?
67
Calculate the highest common factor of 13547841 and 498.
249
What is the highest common divisor of 148860 and 18900?
180
What is the highest common factor of 1380 and 405931485?
345
What is the greatest common divisor of 4698872 and 1?
1
Calculate the greatest common factor of 63 and 27398553.
21
What is the highest common factor of 13035944 and 427?
61
What is the highest common divisor of 17219 and 245555?
67
Calculate the highest common divisor of 3821576 and 23584.
88
What is the highest common factor of 39042 and 70078944?
1446
Calculate the highest common divisor of 85 and 1505730120.
85
Calculate the greatest common divisor of 851850 and 4950.
450
Calculate the highest common factor of 339131 and 2565.
19
Calculate the greatest common factor of 2010 and 5004498.
402
What is the greatest common factor of 116 and 101882742?
58
What is the highest common divisor of 125 and 24012325?
25
Calculate the highest common divisor of 6002610736 and 16.
16
What is the greatest common factor of 484251 and 29233?
1271
Calculate the highest common divisor of 887844 and 330639.
921
Calculate the greatest common factor of 124 and 77811085.
31
What is the greatest common divisor of 81573306 and 346?
346
Calculate the greatest common factor of 287 and 19362127.
41
Calculate the highest common factor of 303984 and 504.
72
Calculate the highest common divisor of 8029452 and 36.
12
What is the highest common divisor of 75312 and 117360?
144
Calculate the highest common divisor of 726723370 and 790.
790
Calculate the greatest common factor of 243 and 2228346.
9
Calculate the highest common factor of 395 and 297644666.
79
What is the greatest common divisor of 405 and 1611835?
5
What is the highest common divisor of 6783 and 82467?
357
Calculate the greatest common factor of 222 and 19487493.
111
Calculate the highest common divisor of 47 and 2315844.
1
What is the greatest common divisor of 196 and 1971309200?
196
What is the greatest common factor of 5092 and 3592942?
134
Calculate the greatest common factor of 120198 and 22531899.
2613
What is the highest common divisor of 4940 and 595903555?
1235
Calculate the highest common factor of 565972 and 173888.
836
What is the highest common factor of 44801209 and 15261?
5087
What is the greatest common factor of 15254865 and 3910?
1955
What is the greatest common factor of 5426789 and 249?
83
Calculate the greatest common factor of 470 and 14021134.
94
Calculate the highest common factor of 408242 and 213312.
202
Calculate the highest common factor of 80 and 1933065640.
40
Calculate the highest common factor of 87736 and 48466.
22
Calculate the highest common factor of 5440968 and 216.
72
Calculate the highest common factor of 632241 and 36.
9
Calculate the highest common divisor of 19822 and 1039522.
22
Calculate the greatest common factor of 16486332 and 48.
12
Calculate the highest common divisor of 648552 and 460184.
488
Calculate the highest common divisor of 754754 and 572.
286
Calculate the highest common divisor of 187031 and 26923.
13
Calculate the highest common divisor of 4509 and 44485627.
167
What is the greatest common factor of 81020174 and 310?
62
Calculate the greatest common divisor of 256 and 234416992.
32
What is the highest common factor of 1922897 and 5?
1
What is the highest common factor of 24922 and 899878?
34
Calculate the highest common factor of 482672 and 23058784.
4976
What is the highest common divisor of 1943645 and 792?
11
Calculate the greatest common divisor of 19152 and 6827520.
336
Calculate the highest common divisor of 768193200 and 864.
432
Calculate the greatest common divisor of 74191129 and 1358.
97
Calculate the greatest common divisor of 13 and 1641623.
1
What is the highest common factor of 11128777 and 1606?
803
What is the highest common divisor of 77532723 and 111?
111
Calculate the highest common divisor of 58154282 and 166.
166
What is the highest common factor of 42432 and 54035904?
2496
Calculate the greatest common factor of 2555 and 7214809.
511
Calculate the greatest common factor of 11280 and 7657240.
1880
What is the highest common divisor of 39173 and 107328?
43
Calculate the highest common divisor of 2604 and 108439116.
372
What is the greatest common divisor of 4677340 and 184300?
1940
What is the greatest common factor of 3915 and 1954455?
435
What is the greatest common divisor of 16 and 2922936?
8
What is the greatest common factor of 33460336 and 308308?
2548
Calculate the greatest common divisor of 3584705 and 39015.
85
Calculate the greatest common factor of 182970016 and 8720.
1744
What is the highest common divisor of 3344432 and 406?
14
Calculate the greatest common factor of 14 and 1741519360.
14
What is the greatest common divisor of 7875 and 42063525?
1575
What is the highest common divisor of 513408 and 1868160?
2688
Calculate the greatest common factor of 1152 and 12914064.
144
What is the highest common divisor of 3015373136 and 6931?
6931
Calculate the highest common divisor of 396464 and 1968.
16
Calculate the greatest common factor of 52 and 70651711.
13
What is the greatest common factor of 280 and 15242360?
280
Calculate the highest common factor of 984510 and 2880.
90
What is the greatest common factor of 27139814 and 130?
26
Calculate the highest common factor of 457194 and 10764.
138
Calculate the greatest common factor of 147313908 and 476.
476
Calculate the highest common divisor of 5869186 and 1886.
46
What is the greatest common factor of 134 and 95507026?
134
Calculate the greatest common factor of 294 and 19634202.
294
Calculate the highest common factor of 218819 and 5.
1
Calculate the greatest common factor of 1395 and 742005.
45
What is the highest common factor of 116814 and 150?
6
What is the greatest common divisor